alse
Suppose 0 = 4*d - 3*q - 88355, -5*q - 110440 = -d - 4*d. Suppose -5*t + d = 4*w + 2610, 5*t + 24385 = 5*w. Is w composite?
True
Let v = -28693 - -129744. Is v a prime number?
True
Let o(k) = k + 1. Let s(j) = -24*j**2 + 8*j + 15. Let t(n) = 3*o(n) - s(n). Is t(-13) a composite number?
True
Suppose -119 = -3*f - 4*c, 3*f + 2*c = f + 78. Suppose 29*r + 46232 = f*r. Is r composite?
False
Let j be ((-4)/(-3))/(2*(-6)/(-72)). Suppose -j*v + 2*v + 3306 = 0. Is v prime?
False
Let s = -19 + 24. Suppose 3178 + 3387 = s*t. Suppose -3*p = -184 - t. Is p composite?
False
Suppose -47408 = l + 4*l + v, 2*l + 3*v = -18958. Suppose 482 = -5*b + d + 506, -3*b + 8 = d. Is (-3 + 7 - 6)*l/b composite?
True
Is 7/((-40)/8 + 327712/65542) prime?
False
Let d = 35917 + 64212. Is d prime?
True
Suppose 6*p - 5*p - 2 = 0. Let h = p + -2. Suppose -w + 3*o + 736 = h, -4*w - 5*o + 2961 = -0*w. Is w composite?
False
Suppose 0 = -2*y + 4*l + 108094, 4*y - 98796 = 2*l + 117368. Is y prime?
False
Let n(s) = -1709*s**3 + 19*s - 11 - 2*s - 16*s**2 + 1710*s**3. Let z be n(16). Let k = z - 164. Is k prime?
True
Let r(s) = -s + 16. Let q be r(14). Let l(v) = 2*v + 17. Let p be l(-11). Is q/p - (-7694)/10 a prime number?
True
Suppose p = -9*p - 40. Let v be ((-2)/(-6))/(0 - p/12756). Suppose 108 = -5*g + v. Is g prime?
True
Is (-14 - (-44)/4) + (-314704)/(-2) a prime number?
True
Suppose 2*l + 5*l - 70 = 0. Suppose 7*i - l*i + 3873 = 0. Is i prime?
True
Let d(m) be the third derivative of m**4/4 - 7*m**3/6 + 6*m**2 - 2. Is d(5) prime?
True
Let h be (-6)/((-37 + 39)/(18*-1)). Suppose -h*j = -14*j - 158680. Is j a prime number?
True
Let b be -1 + -112682 - -4 - (6 + -6). Is 1/((4 - 10) + (-676081)/b) composite?
False
Let t be 5 - 6/((-8)/(-4)). Suppose 0 = 5*k - c - t*c - 90, 0 = -2*k + 2*c + 36. Let r = 29 - k. Is r a composite number?
False
Let d be (0 + 3 - 14)*(5 + -1242). Suppose -110909 = -14*y + d. Is y a composite number?
True
Suppose -2*b - 2*r + 301916 = 0, -446*b + 5*r = -442*b - 603841. Is b prime?
True
Suppose -17*v = 265969 - 1434566. Is v composite?
True
Suppose 0 = -4*k + 11 + 9. Let u(j) = -50*j**3 + 8*j**2 - 13*j + 18. Let t(a) = -a**3 + a. Let y(f) = 3*t(f) - u(f). Is y(k) a prime number?
True
Suppose -6 = -5*o + 3*o, 0 = -w - 2*o + 8. Suppose -4*m = 5*r - 20, -2*r + 8 = w*m + 3*m. Let t(n) = 3*n**3 + n**2 + 5*n - 5. Is t(r) prime?
True
Suppose 27 = q - 35. Let p = q + -45. Is 3*1 + 340/p a composite number?
False
Suppose -3*g - 218 = -233. Suppose -s + g*q = -502, 290 = -5*s + 5*q + 2900. Is s a prime number?
False
Let l(b) = -b + 3359. Let j be l(0). Let v = j - 2239. Let k = v - 251. Is k a prime number?
False
Let i(z) = -17*z + 2. Let l be (-2 + 2)*2/6. Suppose -5*f - 10 = l, 4*j - 4*f + 18 = -3*f. Is i(j) a prime number?
False
Is (-4*9/(-24))/(6/107048) composite?
True
Is (275426 - -20)/((-2)/(-2)) a prime number?
False
Let x(c) = c**3 + 5*c**2 + c - 2. Let p be x(-4). Suppose p*l - 25228 = 85242. Is l prime?
True
Suppose 191*c + 17973865 = 226*c. Is c prime?
False
Let z(s) = 1648*s**2 + 7*s - 7. Suppose 4*r = -i + 22, 2*i = 7*i - 4*r + 10. Is z(i) composite?
False
Let i(l) = 63*l + 246. Let d be i(-4). Let p = -9 + 3. Is ((-436)/d - 6) + (-2)/p a prime number?
True
Let j(q) be the third derivative of 101*q**5/60 + 5*q**4/12 + 17*q**3/6 + 158*q**2. Is j(6) a composite number?
True
Let l(s) = 87*s - 179. Let t be l(-5). Let i = t + 1255. Is i a prime number?
True
Suppose 27 = 3*v + 3*r, -12 = 5*v - 3*v - 4*r. Suppose 0 = -3*c + 3*i + 21786, v*i = -4*c + 23011 + 6029. Is c a prime number?
False
Let s = -16 - -6. Let t = s + 42. Suppose t*o + 628 = 36*o. Is o a prime number?
True
Suppose 0 = -7517*h + 7535*h - 619578. Is h prime?
True
Let s = 13277 + -6585. Let g = s - 4743. Is g composite?
False
Let d = 613663 + 167958. Is d composite?
True
Suppose 7*q = -3*q - 160. Let c(w) = -2*w**3 - 14*w**2 - 25*w - 21. Is c(q) prime?
True
Let z(c) = 4*c**3 - 8*c**2 - c. Let l be z(7). Suppose -4*w + 3*i + l = 157, -2*w - 4*i = -430. Suppose 0 = -3*j - j - 5*g + 311, 3*j = 5*g + w. Is j prime?
False
Let n = -512 + 520. Suppose 2*x + n*x - 206230 = 0. Is x a prime number?
False
Suppose 5*r = -3*u + 2*r + 36, 5*u + r = 68. Suppose -17*d + 8157 = -u*d. Is d composite?
False
Let s be (-182410)/(-306) + (-1)/9. Suppose -9 = a + 2*a, 5*x + 3*a - s = 0. Is x a composite number?
True
Suppose 2800486 = 87*i - 4021967. Is i composite?
True
Let m be (4 - 2 - 35/14)*-2. Is 4/(-14) + (m - 401324/(-49)) a composite number?
False
Let k(i) = -5*i**3 + 2*i**2 + 5*i + 2. Let r be k(-1). Suppose -3*t - 1526 = -u, -4*u + u + r*t = -4573. Suppose u = -11*j + 6000. Is j composite?
True
Let k(r) = r**2 - 18*r + 18. Let b be (63/(-3) - -4)/(-1). Let c be k(b). Is (c + 52)*(12 - (-3 - -2)) a composite number?
True
Let l(t) = 49444*t**2 - 3*t + 102. Is l(4) prime?
False
Let v = 317 + -150. Suppose 2*f - 390 = -i + v, 5*i + 2*f = 2769. Is i prime?
False
Let l = -146478 - -241165. Is l a prime number?
True
Let s(p) = -p**3 - 7*p**2 + 21*p - 49. Let b be s(-11). Is (14566/(-8))/((-17)/b) prime?
False
Let j(f) be the second derivative of -f**3/3 - f**2 - 11*f. Let g be j(-3). Is 0 + 2514/10 - g/10 prime?
True
Suppose -6 = 3*h - 0, y - 3*h = 6. Suppose 2*b - 1763 = 3*m, 34*b - 35*b - 2*m + 899 = y. Is b composite?
True
Let c(n) = 16*n**2 - 198*n + 2927. Is c(-85) composite?
True
Suppose 0 = -4*w - 5*w + 27. Is -5 + (w - 21)*-373 a prime number?
True
Let s = -31 - -54. Let b(o) = -o**2 - 21*o - 54. Let m be b(-17). Suppose m = y - s. Is y composite?
False
Suppose 0 = 5*u - 4*k - 88347, u = -6*k + 7*k + 17669. Is u a prime number?
False
Let i = 56743 - -39733. Suppose 90633 = 37*c - i. Is c prime?
False
Let o be (-36)/(-24) + 2545/2. Let l = o + -805. Suppose 0 = -5*y + l - 44. Is y prime?
False
Let b(y) be the first derivative of 67*y**4/24 - 9*y**3/2 - 25*y**2/2 + 25. Let q(l) be the second derivative of b(l). Is q(8) a composite number?
False
Let v(c) = -4*c**3 - 4*c**3 + 6*c**2 + 9 - 6*c**2 - 16*c**2 + 13*c + c**3. Is v(-13) prime?
False
Suppose 13*m = 27*m - 82362. Suppose -w = -3*f + 5*f - m, -3*w = f - 2954. Is f prime?
True
Let u(b) = -2*b + 18. Let h be u(4). Suppose 0 = -o + 5 - 6, -4*l - 2*o + h = 0. Suppose -l*w + 12800 = -z, 5671 = 2*w - z - 2864. Is w composite?
True
Let c(q) = 187*q**2 - 83*q + 7. Is c(18) a prime number?
False
Let r(b) = -b**3 + 83*b**2 + 375*b - 257. Is r(82) prime?
True
Let u(w) be the second derivative of 5*w**4/4 - 14*w**3/3 + w**2 - 13*w - 1. Is u(21) composite?
False
Let d(h) = 1655*h**2 - 118*h + 9. Is d(4) a prime number?
True
Let u = 57942 - 34543. Is u a composite number?
False
Let q be (-2 + 0)*1*2/(-4). Let b be (-6)/q - (4 - 4). Is 5082/4 + 4 + 21/b a prime number?
False
Let h = -3550 - -42073. Suppose 17*v = 20*v - h. Is v a prime number?
True
Let b(t) = -t**3 - 10*t**2 - 8*t - 53. Let m be b(-12). Let z = m + 148. Is z a composite number?
False
Suppose 4*l = t + 149855, 6 = -29*t + 27*t. Suppose 0*s + 5*s - l = -z, -z = s - 7491. Is s composite?
True
Let w(r) = -28*r - 62 + 37 + 26. Let s be w(-2). Let q = s - 38. Is q a prime number?
True
Is 2/(-13 - (-9590269)/737711) a composite number?
False
Let t(b) = 1774*b**2 - 160*b - 83. Is t(-11) composite?
True
Suppose 0 = 240*n + 76*n - 70843724. Is n composite?
True
Let d(y) = 2*y**2 - 2*y - 1. Let w be d(-1). Suppose 5*z - w*o + 4004 = -4*o, 2*z - 3*o + 1588 = 0. Let s = z - -1189. Is s a composite number?
False
Suppose 8*h = -2 - 6. Is 4009/(11/((-33)/(-6)) + h) a prime number?
False
Let q = -146 + -48. Let i(k) = -640*k - 1. Let h be i(1). Let f = q - h. Is f prime?
False
Let j = 39 + 218. Let n be -185 - 4/(-6)*3. Let v = j + n. Is v composite?
True
Let o = -296120 + 686701. Is o a composite number?
False
Suppose 9*q - 6*q - 8831700 = -5*x, -6*x + q + 10598017 = 0. Is x composite?
True
Let f = 1468 - -8943. Is f a composite number?
True
Let s = 1098561 - 206818. Is s composite?
False
Let g be 506/(-10) - -4*3/(-30). Let h = -51 - g. Let j(p) = -p**3 - p**2 + 267. Is j(h) a prime number?
False
Suppose 5*f - 239627 = -4*u, -191680 = -22*f + 18*f + 4*u. Is f a prime number?
False
Let r = 58 - 29. Suppose -20 = 24*f - r*f. Is (-372)/(-14) + f - (-9)/21 a composite number?
False
Let c(q) = -61093*q + 10. Le